t are the prime factors of u?
2, 3, 331
Let w = -2 + 7. Suppose -w*l + 176 = -2*q, -3*l = -6*l - 4*q + 116. What are the prime factors of l?
2, 3
Suppose 0 = -3*d + 3*z + 330, -2*d - 3*z + 322 - 97 = 0. Let t be ((-21)/(-6) - 3)*-156. Let l = t + d. What are the prime factors of l?
3, 11
Let b = 144 + 147. Suppose 2*q - 89 - b = 0. List the prime factors of q.
2, 5, 19
List the prime factors of ((-78516)/81)/(10/(-3) + 3).
2, 727
Let v(u) = -u**2 - 23*u + 5. Let x be v(-25). Let f(d) = 2*d**2 + 8. Let h be f(-6). Let s = x + h. What are the prime factors of s?
5, 7
Suppose 5*m = n + 1270, m - 3*n - 2*n - 230 = 0. Suppose -4*b + 3*v + m = 0, -3*b + v + v = -192. List the prime factors of b.
2, 3, 11
Suppose -39*r + 44*r - 730 = 0. List the prime factors of r.
2, 73
Let r(q) = 3*q**2 - 2*q + 100. What are the prime factors of r(-34)?
2, 3, 101
Suppose 7*c = 22*c - 42885. List the prime factors of c.
3, 953
Suppose 5*n + 7*g = 9*g + 3271, -4*n + 3*g = -2614. List the prime factors of n.
5, 131
Let r(c) = -2*c - 9. Let d be r(-6). Let s(p) = 3*p + p**d - 3*p**2 - 2 + p - 4*p**3 + 4*p**3. What are the prime factors of s(2)?
2
Let q(h) be the first derivative of -h**5/60 - h**4/3 - h**3/2 - 3*h**2/2 + 3. Let w(t) be the second derivative of q(t). List the prime factors of w(-5).
2, 3
Suppose -4*i = -i - 3. Let a be 8 - 4 - (i - 1). Suppose 4*x + 5*f = 3*x + 44, a*f = x - 89. What are the prime factors of x?
3, 23
Suppose 3*k + u - 5*u = 451, 4*k + 5*u = 653. Let o = 262 - k. What are the prime factors of o?
3, 5, 7
Let o = -1134 + 1787. List the prime factors of o.
653
Let v = 117 + -75. Let i = v + 230. List the prime factors of i.
2, 17
Suppose -2*o + 5*o = 48. Let m(p) = 0*p + 2 - p**2 - o*p + 1. List the prime factors of m(-7).
2, 3, 11
Let s = -1272 - -2047. List the prime factors of s.
5, 31
Suppose -2*y - 5 = 4*b + 1, -y - 2 = 3*b. List the prime factors of -3 + 13*(5 + b) - 2.
73
Suppose s - 5*p = 3*s - 22, 0 = 3*s - p + 1. List the prime factors of (s - -32) + 12 + -15.
2, 3, 5
Let s = 1223 + -1230. Let f(y) be the first derivative of -y**2 + 14*y - 1. List the prime factors of f(s).
2, 7
Let b(l) = 4*l - 5. Let k(d) = 3*d**2 + 7*d - 4. Let c(h) = 7*h**2 + 15*h - 8. Let j(g) = -2*c(g) + 5*k(g). Let n be j(-6). List the prime factors of b(n).
3
Let s(u) = 11*u - 26. Let t be s(9). What are the prime factors of t - ((1 - 2) + 0)*-3?
2, 5, 7
Let k(m) = -79*m - 45. Let x(u) = -20*u - 11. Let v(s) = -2*k(s) + 9*x(s). List the prime factors of v(-2).
5, 7
Let y be (6/(-4))/((-12)/(-944)). Let i(g) = -g + 8. Let d be i(13). What are the prime factors of y/d - 15/25?
23
List the prime factors of (1 - 6) + (-12)/3 + 1220.
7, 173
Let i = -2851 + 5265. List the prime factors of i.
2, 17, 71
Let x(h) = h**3 - 10*h**2 - h + 13. Let n(g) = -3*g**3 + 21*g**2 + 3*g - 27. Let m(y) = 2*n(y) + 5*x(y). Let j = 7 - 15. List the prime factors of m(j).
3
Let v be 18/(-4)*(6 - 4). Let d = 20 + v. Let y = d + 2. What are the prime factors of y?
13
Suppose -6*v - 2*v + 16 = 0. Suppose -v*x - 4*q + 0*q = -214, -2*x - q + 223 = 0. List the prime factors of x.
113
Suppose 2*q + 2*q - 2*p - 1782 = 0, 4*q + 3*p - 1807 = 0. List the prime factors of q.
2, 7
List the prime factors of 144/(-360) - 10254/(-10).
5, 41
Suppose -4*f = -4, 2*y + 5*f - 13 = -0*y. Let m(q) = -q + 8 + 3*q + 2*q + 2*q. What are the prime factors of m(y)?
2
What are the prime factors of (148/(-2) + 6)*-8?
2, 17
Let g(s) = 5*s**3 - 8*s**2 - 22*s - 1. List the prime factors of g(6).
659
Let z = 90 + -88. Suppose h - 42 = 9. List the prime factors of 2/3*h/z.
17
What are the prime factors of (4002 - (4 + 9)) + 2?
13, 307
Suppose 0 = 2*n - 113 - 61. What are the prime factors of n?
3, 29
Suppose -3*i + 219 = -2*x, 4*i + x - 154 = 149. Let a = -46 + i. What are the prime factors of a?
29
Let o = 10 + -8. Suppose -o*r - 7 = -5. What are the prime factors of (-3 + -3)/r - 3?
3
Let h(o) = o**3 + 16*o**2 + 29*o + 121. List the prime factors of h(-11).
11, 37
Let p(l) = 2*l**2 + 18*l + 1. List the prime factors of p(-15).
181
Let w(h) = 13*h - 22. Let v be w(11). List the prime factors of v/2 - (-2 + (-3)/(-6)).
2, 31
Suppose 0 = 3*b - g - 1476, 5*b - 5*g = 4*b + 478. List the prime factors of b.
17, 29
Suppose -18 + 20 = x. Suppose -x*v - 3*v = -5. Suppose 0 = -f - 2 + v, 4*f = 4*j - 220. List the prime factors of j.
2, 3
Let n be (-2)/(-7) + (-1717)/7 + 1. Let k = -144 - n. List the prime factors of k.
2, 5
Suppose u - 4*u = 3. Let z(c) = -33*c**3 - c**2 + c + 1. Let o be z(u). Let w = o + -19. What are the prime factors of w?
13
Let d = 771 - -776. List the prime factors of d.
7, 13, 17
Suppose 40*s = 45*s - 4395. What are the prime factors of s?
3, 293
Let b(g) = 48*g + 97. Let x(y) = 16*y + 32. Let d(p) = -6*b(p) + 17*x(p). List the prime factors of d(-4).
2, 13
What are the prime factors of (63/2)/(117/19578)?
3, 7, 251
Let y be (-26)/39 + (-238)/3. Let x be y/(-15)*(-12)/(-2). Suppose -2*v + x = 2*v. List the prime factors of v.
2
Let h = -261 + 1405. List the prime factors of h.
2, 11, 13
Let n = 2172 - 1547. What are the prime factors of n?
5
Suppose -3*b - c = -107 - 1892, 1984 = 3*b + 4*c. List the prime factors of b.
2, 167
Suppose -2*b = w - 7, 0 = -3*b + 2*b + 2. Suppose -w*v + 5*y = -69, -22 + 10 = -v - 2*y. Suppose p - v = -0*p. List the prime factors of p.
2, 3
Let g = -47 - -87. Let c = g + 22. List the prime factors of c.
2, 31
Let z(c) = -2*c**3 + 25*c**2 + 25*c - 178. List the prime factors of z(11).
2, 5, 23
Let w = 12 + -7. Let q(d) = -d + 5 - 7 + w*d**2 + d**2. What are the prime factors of q(-2)?
2, 3
Let u(z) = -z**3 + 10*z**2 - 8*z - 6. Suppose 45 = 2*k + 3*k. Let d be u(k). Suppose -122 = -d*a - 11. What are the prime factors of a?
37
Let w(p) = -p**2 + 7*p + 20. Let j be w(9). Let n be (j/5)/(4/10). List the prime factors of 0 + 54/(4 - n).
2, 3
Let w = 121 - -238. What are the prime factors of w?
359
Let n(j) = -3*j + 12. Let b be n(4). Suppose -3*g + 64 + 11 = b. Suppose 2*a + g = 121. What are the prime factors of a?
2, 3
Let a(g) be the first derivative of -3*g**2/2 + 5*g + 1. Suppose -15*m + 23 = -2*t - 12*m, 3*t = 5*m - 37. List the prime factors of a(t).
17
Let j(z) = 2*z**2 - 3*z - 107. What are the prime factors of j(-12)?
7, 31
Let u(r) = -2*r**3 - 24*r**2 - 3*r - 19. List the prime factors of u(-12).
17
Let i = -322 + 783. List the prime factors of i.
461
Let l = 36 + -31. Suppose -11*r + l*r = -876. What are the prime factors of r?
2, 73
What are the prime factors of 22/(-55)*(-1245)/6 + 1?
2, 3, 7
Suppose -2000 - 5039 = -3*o - t, 5*t = -3*o + 7043. What are the prime factors of (-48)/80 + 1/(10/o)?
2, 3, 13
Let u(l) = -47*l - 40. What are the prime factors of u(-6)?
2, 11
Suppose -5*s = 2*b + 7772 - 37194, 0 = 5*s + b - 29426. What are the prime factors of s?
2, 3, 109
Let s be (-13)/52 + (-298)/(-8). Suppose 2*n - 191 = -s. What are the prime factors of n?
7, 11
Let p(z) = 4*z + 44. Let u be p(-10). What are the prime factors of (-6 + u)*(-63 - (1 + 0))?
2
Suppose 0 = -5*p - h - h - 10, 0 = 2*p + 4*h - 12. Let n = p - -51. What are the prime factors of n?
47
Let u(c) = -2*c**3 + c**2 - 1. Let z be u(1). Let g be z - -12 - 1/1. What are the prime factors of 14 - (-4 - (2 - g))?
11
Suppose 5*y + 9505 = -5*k + 7*k, y = -k + 4763. List the prime factors of k.
2, 5, 7, 17
Suppose 0 = m + 3*c - 296 + 65, c + 5 = 0. Let v = -148 + m. What are the prime factors of v?
2, 7
Suppose 2*q - 23 = -5*i, 0 = 5*i + q + 4*q - 35. Suppose 0 = -i*u + u - 4*d, -3*d = 4*u - 5. What are the prime factors of (-3)/(-6)*25*u?
5
Let o(g) = 17*g**2 - 10*g - 54. What are the prime factors of o(-4)?
2, 3, 43
Let r(l) = l - 3. Let p be r(5). Let b be -4 + (6 - p) - -102. Suppose 174 + b = 4*m. What are the prime factors of m?
3, 23
Suppose 66 + 334 = -2*f. Let c = 355 + f. Suppose 4*w = 77 + c. What are the prime factors of w?
2, 29
Let h = 7 + 4. List the prime factors of h.
11
Let k = 2 - 2. Let t = 0 + k. Suppose -2*o - o + 45 = t. What are the prime factors of o?
3, 5
Suppose 12*a - 4018 = -2*j + 9*a, 0 = 3*j - 2*a - 6027. What are the prime factors of j?
7, 41
Let s(y) = y**3 + 3*y**2 + 2*y - 2. Let c be s(-3). List the prime factors of (-124)/(0 + c/4).
2, 31
Let w = 9323 - 6249. What ar